{"id":41,"date":"2022-02-17T14:39:21","date_gmt":"2022-02-17T13:39:21","guid":{"rendered":"http:\/\/aucoeurdescheveux.com\/energetique_capillaire\/?page_id=41"},"modified":"2026-02-08T19:28:08","modified_gmt":"2026-02-08T18:28:08","slug":"les-produits","status":"publish","type":"page","link":"http:\/\/aucoeurdescheveux.com\/energetique_capillaire\/les-produits\/","title":{"rendered":"Les produits"},"content":{"rendered":"\n<div style=\"height:10px\" aria-hidden=\"true\" class=\"wp-block-spacer\"><\/div>\n\n\n<div class=\"su-image-carousel  su-image-carousel-columns-3 su-image-carousel-has-spacing su-image-carousel-crop su-image-carousel-crop-2-1 su-image-carousel-has-outline su-image-carousel-adaptive su-image-carousel-slides-style-default su-image-carousel-controls-style-light su-image-carousel-align-center\" style=\"\" data-flickity-options='{\"groupCells\":true,\"cellSelector\":\".su-image-carousel-item\",\"adaptiveHeight\":false,\"cellAlign\":\"left\",\"prevNextButtons\":true,\"pageDots\":true,\"autoPlay\":5000,\"imagesLoaded\":true,\"contain\":true,\"selectedAttraction\":0.025,\"friction\":0.28}' id=\"su_image_carousel_69e08b1c4108e\"><div class=\"su-image-carousel-item\"><div class=\"su-image-carousel-item-content\"><img loading=\"lazy\" decoding=\"async\" width=\"303\" height=\"640\" src=\"http:\/\/aucoeurdescheveux.com\/energetique_capillaire\/wp-content\/uploads\/2022\/02\/outils.jpg\" class=\"\" alt=\"\" srcset=\"http:\/\/aucoeurdescheveux.com\/energetique_capillaire\/wp-content\/uploads\/2022\/02\/outils.jpg 303w, http:\/\/aucoeurdescheveux.com\/energetique_capillaire\/wp-content\/uploads\/2022\/02\/outils-142x300.jpg 142w\" sizes=\"auto, (max-width: 303px) 100vw, 303px\" \/><\/div><\/div><div class=\"su-image-carousel-item\"><div class=\"su-image-carousel-item-content\"><img loading=\"lazy\" decoding=\"async\" width=\"300\" height=\"227\" src=\"http:\/\/aucoeurdescheveux.com\/energetique_capillaire\/wp-content\/uploads\/2022\/03\/produits1.png\" class=\"\" alt=\"\" \/><\/div><\/div><div class=\"su-image-carousel-item\"><div class=\"su-image-carousel-item-content\"><img loading=\"lazy\" decoding=\"async\" width=\"300\" height=\"179\" src=\"http:\/\/aucoeurdescheveux.com\/energetique_capillaire\/wp-content\/uploads\/2022\/03\/capiplante.png\" class=\"\" alt=\"\" \/><\/div><\/div><\/div><script id=\"su_image_carousel_69e08b1c4108e_script\">if(window.SUImageCarousel){setTimeout(function() {window.SUImageCarousel.initGallery(document.getElementById(\"su_image_carousel_69e08b1c4108e\"))}, 0);}var su_image_carousel_69e08b1c4108e_script=document.getElementById(\"su_image_carousel_69e08b1c4108e_script\");if(su_image_carousel_69e08b1c4108e_script){su_image_carousel_69e08b1c4108e_script.parentNode.removeChild(su_image_carousel_69e08b1c4108e_script);}<\/script>\n\n\n<blockquote class=\"wp-block-quote is-style-default\" style=\"color: #6a0888;\">\n<p><strong><em>DES PRODUITS NATURELS<\/em><\/strong><\/p>\n<\/blockquote>\n<p class=\"has-text-color\" style=\"color: #5ab031;\"><strong>UN SOIN SUR MESURE<\/strong><\/p>\n\n\n<p>Pour un traitement adapt\u00e9 \u00e0 votre chevelure et ses particularit\u00e9s, je vous convie dans l&rsquo;univers des produits <em><strong><span style=\"color: #6a0888;\">CAPIPLANTE<\/span><\/strong>.<\/em><\/p>\n\n\n\n<p><span style=\"color: #ff5b00;\">Le shampooing est r\u00e9alis\u00e9 en position allong\u00e9e, c&rsquo;est une invitation \u00e0 une profonde d\u00e9tente.<\/span><\/p>\n\n\n\n<p><span style=\"color: #ff5b00;\"><strong>Le massage SHIATSU<\/strong> pratiqu\u00e9 \u00e0 la suite du shampoing contribue \u00e0 r\u00e9\u00e9quilibrer les d\u00e9sordres \u00e9n\u00e9rg\u00e9tiques. Il permet d\u2019apaiser les tensions et pr\u00e9pare au soin de la meilleure fa\u00e7on.<\/span><\/p>\n\n\n\n<p>Depuis peu, <strong>un massage facial<\/strong> vient parfaitement compl\u00e9ter votre d\u00e9tente.<\/p>\n\n\n<p class=\"has-text-color\" style=\"color: #5ab031;\"><strong>DES PRODUITS NATURELS<\/strong><\/p>\n\n\n<p>Compos\u00e9s d&rsquo;huiles essentielles, 100% pures, naturelles et totales, d&rsquo;huiles v\u00e9g\u00e9tales vierges, de premi\u00e8re pression \u00e0 froid,<em> <em><strong><span style=\"color: #6a0888;\">CAPIPLANTE<\/span><\/strong><\/em><\/em> est la r\u00e9f\u00e9rence en mati\u00e8re de soins. Les associations complexes d\u2019huiles essentielles permettent de prot\u00e9ger le cuir chevelu et les cheveux en proposant des soins sp\u00e9cifiques d\u2019une grande efficacit\u00e9.<\/p>\n\n\n\n<p><span style=\"color: #ff5b00;\">Tous les produits<em> <em><em><strong><span style=\"color: #6a0888;\">CAPIPLANTE<\/span><\/strong><\/em><\/em> <\/em>sont garantis sans parab\u00e8nes, sans conservateurs, non ionis\u00e9s, sans colorants et sans parfum.<\/span><\/p>\n\n\n<p class=\"has-text-color\" style=\"color: #5ab031;\"><strong>AU-DEL\u00c0 DU SOIN<\/strong><\/p>\n\n\n<p>En plus de leur capacit\u00e9 traitante, tous les programmes de soin <em><span style=\"color: #ff5b00;\"><em><em><em><strong><span style=\"color: #6a0888;\">CAPIPLANTE<\/span><\/strong><\/em><\/em><\/em><\/span> <\/em>sont sources de d\u00e9tente et de plaisir olfactif et sensoriel.<\/p>\n\n\n\n<p><span style=\"color: #ff5b00;\">Depuis plus de 40 ans <em><strong><span style=\"color: #6a0888;\">CAPIPLANTE<\/span><\/strong><\/em> est engag\u00e9e dans la recherche de la cosm\u00e9tique naturelle et des huiles essentielles. Elle en fait b\u00e9n\u00e9ficier ses clients au travers de programmes de soins capillaires d\u2019une grande efficacit\u00e9.<\/span><\/p>\n","protected":false},"excerpt":{"rendered":"<p>DES PRODUITS NATURELS UN SOIN SUR MESURE Pour un traitement adapt\u00e9 \u00e0 votre chevelure et ses particularit\u00e9s, je vous convie dans l&rsquo;univers des produits CAPIPLANTE. Le shampooing est r\u00e9alis\u00e9 en position allong\u00e9e, c&rsquo;est une invitation \u00e0 une profonde d\u00e9tente. Le massage SHIATSU pratiqu\u00e9 \u00e0 la suite du shampoing contribue \u00e0 r\u00e9\u00e9quilibrer les d\u00e9sordres \u00e9n\u00e9rg\u00e9tiques. Il [&hellip;]<\/p>\n","protected":false},"author":1,"featured_media":0,"parent":0,"menu_order":0,"comment_status":"closed","ping_status":"closed","template":"","meta":{"material-hide-sections":{"title":true},"footnotes":""},"class_list":["post-41","page","type-page","status-publish","hentry"],"_links":{"self":[{"href":"http:\/\/aucoeurdescheveux.com\/energetique_capillaire\/wp-json\/wp\/v2\/pages\/41","targetHints":{"allow":["GET"]}}],"collection":[{"href":"http:\/\/aucoeurdescheveux.com\/energetique_capillaire\/wp-json\/wp\/v2\/pages"}],"about":[{"href":"http:\/\/aucoeurdescheveux.com\/energetique_capillaire\/wp-json\/wp\/v2\/types\/page"}],"author":[{"embeddable":true,"href":"http:\/\/aucoeurdescheveux.com\/energetique_capillaire\/wp-json\/wp\/v2\/users\/1"}],"replies":[{"embeddable":true,"href":"http:\/\/aucoeurdescheveux.com\/energetique_capillaire\/wp-json\/wp\/v2\/comments?post=41"}],"version-history":[{"count":21,"href":"http:\/\/aucoeurdescheveux.com\/energetique_capillaire\/wp-json\/wp\/v2\/pages\/41\/revisions"}],"predecessor-version":[{"id":436,"href":"http:\/\/aucoeurdescheveux.com\/energetique_capillaire\/wp-json\/wp\/v2\/pages\/41\/revisions\/436"}],"wp:attachment":[{"href":"http:\/\/aucoeurdescheveux.com\/energetique_capillaire\/wp-json\/wp\/v2\/media?parent=41"}],"curies":[{"name":"wp","href":"https:\/\/api.w.org\/{rel}","templated":true}]}}